/(-6).
2, 3
Let x(g) be the third derivative of -g**6/120 - g**5/60 + g**3/6 + 4*g**2. List the prime factors of x(-3).
19
Suppose -4*n + 6 = -n. Let g be (-456)/(-21) - n/(-7). Suppose 0*h - 38 = -5*h + s, -4*h = -5*s - g. What are the prime factors of h?
2
Let r = -8 - -31. What are the prime factors of r?
23
Let n be -1 + 2 - (-4 + 1). Suppose 0*h = -h + n. What are the prime factors of ((-4)/6)/(h/(-42))?
7
Let g be -6*1*(-2)/4. Suppose 5 = -g*h + 17. What are the prime factors of h?
2
Let t be 99/(-22)*16/(-6). List the prime factors of ((-6)/5)/(t/(-30)).
3
Let m(w) be the second derivative of 0 + 3/2*w**2 + 1/20*w**5 - w + w**3 + 1/2*w**4. What are the prime factors of m(-4)?
11
Let o(t) = -2*t + 1. Let l be o(-11). Let f = l - 18. What are the prime factors of f?
5
Let j(t) = t**3 - 5*t**2 + 2. Let k be j(4). Let g = 20 + k. Suppose -2*n - 2*f + 6 = -g, -3*n - 4*f + 19 = 0. What are the prime factors of n?
5
Suppose -5*u + h + 4*h + 75 = 0, 5*h = u - 19. List the prime factors of u.
2, 7
Let s be (-1)/(-3) + 8139/(-9). Let m be 2/(-9) - s/18. Suppose -5*i - m = -3*l, -l - 3*l + 3*i = -52. What are the prime factors of l?
2, 5
Let w be (-8 + 13)*24/10. Let i = w - -2. What are the prime factors of i?
2, 7
Suppose -2*a = 3*o - 337 + 96, 5*o - 410 = 5*a. Suppose 0 = -5*w + 2*d - 0*d + 154, 0 = 3*w - 5*d - o. What are the prime factors of w?
2
Let z be (-3)/1 + 2 + 0. Let j be (-15)/6*(1 - z). What are the prime factors of 2/(-2) - j/1?
2
What are the prime factors of (632/6)/(48/72)?
2, 79
Suppose 5*j - 32 = 2*g - 0*g, -j = -g - 7. Suppose 3*b - u - 2 = -2*b, 0 = -3*b + 3*u - j. Let d = b + 1. List the prime factors of d.
2
Suppose 2*u = -9 + 65. What are the prime factors of u?
2, 7
Suppose -d - 5 = -3*b, -11 = 4*b + 4*d - 39. List the prime factors of b.
3
List the prime factors of 117/7 + 16/56.
17
Suppose 4*o - 7*o + 45 = 0. Let r = 33 - o. List the prime factors of r.
2, 3
Let v = 10 - 2. Let k = v + 0. What are the prime factors of k?
2
Let r be 2/((-4)/(-1))*0. What are the prime factors of (-1)/(-1 + r)*8?
2
Let o = -21 - -195. What are the prime factors of o?
2, 3, 29
Let s = 8 + -1. Let x(z) = 3*z - s*z**2 - 2 + 8*z**2 - 4*z. List the prime factors of x(4).
2, 5
Let v(t) = t**2 - 6*t + 1. Let m be -1 + (-1 + 6 - 0). Let r be v(m). Let o = r + 12. What are the prime factors of o?
5
Suppose 3*p - 3*g = 0, 4*p + g - 35 = -2*g. Suppose y = 1 + 3. What are the prime factors of y/p*(1 - -4)?
2
Let k(r) be the first derivative of 16*r**3/3 - r**2/2 + 2*r - 6. What are the prime factors of k(1)?
17
Let p(k) = -2*k - 7. Let x be p(-6). Suppose -5*l + x = -0. What are the prime factors of 10/l + 0/(-1)?
2, 5
Suppose -2*u = u + o - 131, -o + 173 = 4*u. List the prime factors of u.
2, 3, 7
List the prime factors of (-6)/15*15145/(-26).
233
Let s = -171 + 188. List the prime factors of s.
17
Suppose r - 4*s = 25, 7*r + 2*s = 3*r + 10. Suppose 0 = -y + 3*n, 5*y - r*n - 9 = 21. List the prime factors of y.
3
Let o(b) = -b**3 - b**2 - b. List the prime factors of o(-3).
3, 7
Let x(n) = -3*n + 3. Let p be x(-4). Let w be 100/p*12/10. Let r = w - 3. List the prime factors of r.
5
Let f = 6 + -3. Suppose -m - 10 = -f*m. What are the prime factors of m?
5
Let i be (-6)/(-4) + 315/6. Let o = i - 28. List the prime factors of o.
2, 13
Suppose -5*g + g + 5*a = -44, -3*g = 4*a - 33. List the prime factors of g.
11
Let n(t) = -t**2 + 6*t - 3. Let m be n(5). Let x be (8/(-6))/(m/(-3)). Suppose -x*j + 7*j - 45 = 0. List the prime factors of j.
3
List the prime factors of (-1 - -132)/(2 + -1).
131
Suppose -3*s - y = -54, 4*y - 3*y = -s + 20. Suppose -s = -o + 16. List the prime factors of o.
3, 11
Let y = 11 + -11. Suppose y*f + 39 = f. What are the prime factors of f?
3, 13
Suppose -4*m - 3 + 11 = 0. Suppose 0 = -m*r - 2*y + 6, 2*r - 3*y + 0*y - 1 = 0. List the prime factors of (12/10)/(r/25).
3, 5
Let k(f) = -f**2 - 3*f + 6. Let u(w) = w**2 + 3*w - 7. Let y(v) = 6*k(v) + 5*u(v). Let x(i) be the first derivative of y(i). List the prime factors of x(-6).
3
Let k(z) = z**3 + 13*z**2 + 12*z. Let b be k(-12). What are the prime factors of b - ((-68)/(-2))/(-1)?
2, 17
Suppose -4*p = -56 - 28. What are the prime factors of p?
3, 7
Suppose 6*a = 2*a. Suppose -3*d + 6 = 0, a*j - 3*d = -3*j + 102. List the prime factors of j.
2, 3
Let l = 22 - 19. List the prime factors of l.
3
Let j be 112/20 + (-6)/(-15). Let y(l) = 4 + l - 3 + 6. List the prime factors of y(j).
13
Let s(u) = u**2 - 2*u + 7. What are the prime factors of s(-6)?
5, 11
Let b(v) = -5*v**3 - 10*v**2 - 5*v - 2. What are the prime factors of b(-4)?
2, 89
Let r = 49 + 7. What are the prime factors of r?
2, 7
Let f(c) = c**3 - 9*c**2 + 8*c + 2. Let z be f(8). Suppose -2*v + 98 = -3*o - z*o, -4*v + 16 = -o. List the prime factors of (9/6)/((-3)/o).
2, 5
Let a(t) = t**2 + 10*t - 6. Let f be a(-10). Let v = 10 + f. What are the prime factors of v?
2
Let l be (-5 - -2) + 1 + 0. List the prime factors of (6/(-9))/l*42.
2, 7
Let x(a) = a**2 + 6*a + 7. What are the prime factors of x(6)?
79
Suppose 0*x - 12 = x + 2*a, 3*x - a + 29 = 0. List the prime factors of x/((1 - 1) + -1).
2, 5
Let l be 2*(-2 + 0 + 3). Suppose -l = -3*p + 4. What are the prime factors of (-17)/2*(p - 4)?
17
Suppose -4*b + 25 = -3. Let g = b + -9. List the prime factors of 3 - (-5 + (g - -5)).
5
Let q be (4 - -1)*(-4 - -2). Let x be (-22)/(-3) - q/(-30). Suppose x + 13 = 4*a. List the prime factors of a.
5
Suppose -5*l = p - 168, 4*p = -2*l + p + 75. List the prime factors of l.
3, 11
Suppose 8*c = 2*j + 3*c - 110, -4*c - 16 = 0. Suppose -3*q - j = -6*q. What are the prime factors of q?
3, 5
Let m = 38 + 14. What are the prime factors of m?
2, 13
List the prime factors of 320/15 + 1/(-3).
3, 7
Suppose z + 4*z - 25 = 0. Suppose z*i - 35 = -5*u, -i + 6 = u + i. What are the prime factors of u?
2
Suppose -84 - 26 = -2*a. List the prime factors of a.
5, 11
Suppose -5*l - 13 = -48. List the prime factors of l/(-28) - 34/(-8).
2
Suppose 2*n - 1 = 5. What are the prime factors of (-170)/(-5) + n + 0?
37
Suppose 3*q = 4*q + 2. Let p(i) = 3*i**2 + 2*i + 1. List the prime factors of p(q).
3
Let x(b) = 2*b**2 + 38*b + 6. What are the prime factors of x(-25)?
2, 3, 17
Let c = -37 - -62. List the prime factors of c.
5
Let n be 60/(-8)*(1 + -3). Suppose 2*x + n = 5*x. Suppose -2*k + 4 = -2*u, -4*k + x = -6*u + u. What are the prime factors of u?
3
Let h = 223 - 118. What are the prime factors of h?
3, 5, 7
Suppose 3*x - 3*n + 8*n = 103, 4*x = -5*n + 129. Let a = 58 - x. List the prime factors of a.
2
Suppose 2*d = -2*d + 164. Suppose 2*b + m - d = -b, m - 15 = -b. List the prime factors of b.
13
Suppose 4*y - 6 = g, -1 + 9 = -2*g + 4*y. Let s(j) = -2*j**3 + 7*j - j - 4*j. What are the prime factors of s(g)?
2, 3
Suppose -2*a = -5*a. Suppose 0 = -p - a*p + 14. Let h = p - 4. What are the prime factors of h?
2, 5
What are the prime factors of 7315/143 + (-4)/26?
3, 17
Let j = -45 + 79. What are the prime factors of j?
2, 17
Suppose -3*f = -4*g - 0*g - 21, -5*f + 21 = -2*g. Let l be (g + (-4)/(-2))*-1. Suppose b + 3*n = l, -4*b + 5*n + 40 = -32. What are the prime factors of b?
13
Let j(k) = -k**2 - 8*k + 2. Let q be j(-8). Suppose q*f - 9 = 17. List the prime factors of f.
13
Let o(f) be the third derivative of 5*f**4/24 - 3*f**2. What are the prime factors of o(2)?
2, 5
Let j(r) = 1. Let w(u) = -u**3 - 6*u**2 - 3*u - 12. Let f(b) = 4*j(b) + w(b). List the prime factors of f(-6).
2, 5
Suppose 195 = -2*r - 1. Let v = r + 149. List the prime factors of v.
3, 17
Suppose -263 + 102 = -3*w - 4*p, 0 = w - 4*p - 43. What are the prime factors of w?
3, 17
Let g(h) = 60*h**2 - 3*h - 1. List the prime factors of g(-1).
2, 31
Let h(u) = 2*u**2 + u - 6. Let r be h(4). Suppose 2*y = 7*y - r. List the prime factors of y.
2, 3
What are the prime factors of 22 + -3 + (-3 - -5)?
3, 7
Suppose -69 = 5*x - 2*l - 409, 0 = 5*x + 4*l - 340. List the prime factors of x.
2, 17
Let c = -6 - -2. Let o(n) = n**2 + 2*n. Let r be o(c). Let l = -1 + r. List the prime factors of l.
7
Suppose -5*o + 1555 = -405. List the prime factors of o.
2, 7
Let x(a) = -33*a - 13. What are the prime factors of x(-10)?
317
Let q(n) = -7*n**2 - 31*n + 9*n + 7 - n**3 + 16*n. Let b be 19/(-3) + 3/9